 = -2 - -5. Suppose 0 = h + s - 0. What is the units digit of 1/h - (-4)/3?
1
Let g = 50 + -16. Let n = -20 + g. What is the tens digit of n?
1
Let r(c) = c**3 + 9*c**2 + 5*c - 4. What is the units digit of r(-8)?
0
What is the units digit of 28 + 2 - (18 + -18)?
0
Let w(m) = -m - 1. Let y be w(6). Let b = 9 + y. Suppose 6*p - b*p - 64 = 0. What is the tens digit of p?
1
Suppose -2*r + 4*r = 76. What is the units digit of r?
8
Suppose -j - 260 = -5*j. What is the units digit of j?
5
Let h = 4 - -15. Suppose -3*d = -4*y + 39 + h, 4 = 2*d. What is the tens digit of y?
1
Let m = -2 + 8. Let x(k) = -3*k + 1. Let f be x(-1). Suppose -f*s - m = -5*s. What is the units digit of s?
6
Let q(d) = d**2 + d + 2. Let m be q(0). Let v(u) = -1 - m*u - 1 + 3*u. What is the units digit of v(5)?
3
Suppose -2*r = -r - 4*j - 168, -2*r = 3*j - 281. What is the tens digit of r?
4
Let v = -13 + 31. What is the units digit of v?
8
Let l(d) = d**3 + d**2 - 2*d - 3. Let g be l(-2). What is the tens digit of (-28)/(1 + g) + 1?
1
Let u(b) = -2 - 1 - 2*b + 7 + b. What is the units digit of u(-5)?
9
What is the units digit of (9/(-6))/(12/(-632))?
9
Let b(a) = -3 - 12*a + 10*a - 2 + 2. Let q(r) = -r**3 - r**2 - 5. Let z be q(0). What is the units digit of b(z)?
7
Let b(c) = -5*c**3 - 3*c**2 - 3*c - 3. What is the units digit of b(-2)?
1
What is the units digit of (-9)/6*2/(-3)?
1
Let u(f) = f**2 + 4*f - 8. What is the hundreds digit of u(-15)?
1
Let t be (4 - -3) + -1*2. Suppose 2*a = a + 1. Let i = a + t. What is the units digit of i?
6
Let t(i) = 4*i**3 + 2*i**2 + i + 17. What is the hundreds digit of t(4)?
3
Let k(s) = 232*s - 4. What is the tens digit of k(1)?
2
Let c(v) = -v**2 + v + 2. Let s be c(0). Suppose -4*r + 39 = o, s*r - o - 24 = -9. What is the units digit of r?
9
Let t be (-13)/(-6) - (-1)/(-6). Suppose -5*y = -2*x + 9, -3*x + 0 = 4*y - t. What is the units digit of (y*12)/(9/(-6))?
8
Suppose 2*r = -0*r - 4*u + 20, 5*u - 31 = -4*r. Let d be (-835)/(-25) + r/(-10). What is the units digit of 6/21 + d/7?
5
Suppose -5*f + 140 = 5*b, 3*b = -3*f - b + 81. What is the units digit of f?
1
Suppose 2110 = 7*i + 3*i. What is the tens digit of i?
1
Suppose -3*k - 4*i = -63, 2*i = -2*k + 43 - 1. Let x = k + -14. What is the units digit of x?
7
Suppose -4*h - 2*y = 3*y - 16, -5*y = 0. Let t = 64 - h. Suppose -3*q - 2*q = -t. What is the tens digit of q?
1
Suppose 4*r + 5*h - 10 = 0, 2*r + r + 4*h - 7 = 0. Suppose r*d = 2*d - 5*z + 28, -d - 2*z = -10. Let q(s) = -s**2 + 8*s + 1. What is the units digit of q(d)?
3
Let x = 52 - 26. What is the units digit of x?
6
Let w(j) = j + 12. Let a be w(-14). Let m be 101/(-9) + (-8)/(-36). What is the units digit of (-2 - -1)*(m + a)?
3
Let g(y) = -y**3 - 15*y**2 - 12*y. What is the hundreds digit of g(-15)?
1
Suppose -4*l = -2 - 10. What is the tens digit of 20/(-18)*l*-12?
4
Let n(l) = -2*l**2 + 7*l - 3. Let y be n(3). Let v(j) be the second derivative of j**5/20 + j**3/6 + 5*j**2/2 - j. What is the units digit of v(y)?
5
Suppose -2*z = -5*z. Suppose i - 5*k + 1 = 0, z*i + 3*k = -i + 23. What is the units digit of i?
4
Suppose -14 = 2*c - 3*c + 5*g, 3*g - 46 = -c. What is the units digit of c?
4
Let r(b) = b**2 - 5*b. Suppose g + 1 = 4. Suppose -6 = -2*k - 2*p, -2*p - g = -3*k - 7*p. What is the units digit of r(k)?
6
Suppose -n - 4 = -6. Let f = n - -3. What is the units digit of f?
5
Let q(f) = 2*f + 56. What is the hundreds digit of q(24)?
1
Let x be (-10)/(-15) + (-466)/(-3). Let k be x/10 - (-10)/25. Let o = k + -11. What is the units digit of o?
5
Let a = -1 + 18. What is the tens digit of a?
1
Let i(u) be the second derivative of -u**4/12 + 5*u**3/6 - 3*u**2/2 + 2*u. What is the units digit of i(2)?
3
Suppose -3*f = -2*f - 6. What is the units digit of (-4 - f)*(-3)/2?
5
Suppose 4*n = 3*o - 15, -3*o + 6 + 9 = 3*n. Suppose h - 8 = -o*u, -4*h + 89 = -0*u + u. What is the tens digit of h?
2
Let l = 133 - 70. What is the tens digit of l?
6
Let q be (-1)/((-3)/((-240)/4)). Let y = q - -35. What is the units digit of y?
5
Let h = 23 - 26. What is the units digit of (-2 - h*2)/1?
4
Suppose 0 = 2*w - w - 4. What is the units digit of w?
4
Let r = -12 + 63. What is the units digit of r?
1
Let a(f) = f**2 + 5*f - 10. Let y(t) = t**2 + 10*t + 9. Let l be y(-8). What is the units digit of a(l)?
4
Suppose 0 = -6*s + 2*s + 20. Suppose 3 = -3*p, s*f - 29 = -0*f + 4*p. What is the units digit of f?
5
Let w(u) = 2*u**3 - 2*u**2 - 2*u. Let f be w(2). Suppose 0 = -2*l - 3*s + 11, 7*l + 5*s - 15 = f*l. What is the units digit of l?
0
Suppose 0 = r + 4*l - 126 - 3, -2*l = 5*r - 627. What is the tens digit of r?
2
Let x be 4/(-1) - (0 - -2). Let p(s) = -s**3 - 5*s**2 + 2*s - 2. What is the tens digit of p(x)?
2
Let p = -3 + -5. Let f = p - -9. What is the units digit of f?
1
Let v(g) = -g**2 - 4*g + 3. Let u be v(-4). Suppose 2 = -0*m + 2*m, -u*m - 57 = -5*f. What is the tens digit of f?
1
Suppose 3 + 12 = -3*h, 2*j + 4*h = -26. Let b be -2*j/(-6) - -5. Let i(t) = -t**2 + 5*t. What is the units digit of i(b)?
4
Suppose 4*r + 5*g = 41, -6*r + r + 5*g = 5. What is the units digit of r?
4
Let l(k) be the second derivative of k**4/12 - k**3/6 + k**2 + 4*k. Suppose -3*v = -0*j + 2*j - 15, 9 = 2*j + v. What is the units digit of l(j)?
8
Suppose 11*b = 18*b - 448. What is the tens digit of b?
6
Let d(t) = -t**2 - 8*t - 7. Let y be d(-6). Suppose y = 5*x + 5*j, x + 4 = -5*j - 3. What is the units digit of (8/x)/(4/6)?
4
Let i = 132 - 76. What is the tens digit of i?
5
Suppose -y = -0 - 2, -3*y + 158 = b. What is the units digit of b?
2
Let j = -44 + 61. What is the tens digit of j?
1
Suppose -3*f = 2*w - w - 1, -f + w = -3. Let p(j) = j**3 - j**2 - 2*j + 1. Let t be p(f). Let k = t + 6. What is the units digit of k?
5
Suppose -4*q = -7*q - 9, -h + 3*q + 21 = 0. What is the units digit of h?
2
Let z(v) = v**3 - v**2 - 5*v + 4. What is the units digit of z(4)?
2
Let y(l) = 4*l + 6. What is the units digit of y(3)?
8
Suppose -5*c - 197 + 57 = 0. Let n = 54 + c. What is the tens digit of n?
2
Let o(z) = 2*z**3 - 3*z**2 - 4*z. Let x(c) = -c**3 + 4*c**2 + 5*c. Let w(h) = 4*o(h) + 3*x(h). Let y be (-2 + 6/2)/1. What is the units digit of w(y)?
4
Let p = 14 - 22. What is the tens digit of (-258)/p - (-3)/(-12)?
3
Let f = 10 - 6. What is the units digit of f?
4
Suppose 4*k - 158 = 126. What is the units digit of k?
1
Let a be -1*(-59)/(-2)*-2. Let l = a - 36. What is the units digit of l?
3
Suppose -d + 4*d = 9, 5*q + 4*d = 1277. What is the units digit of q?
3
Let t(r) = r**3 - 4*r**2 + 9*r - 6. What is the hundreds digit of t(6)?
1
Let h(u) be the third derivative of -u**6/720 - u**5/40 - u**4/24 + 2*u**2. Let v(m) be the second derivative of h(m). What is the units digit of v(-8)?
5
Let u = -28 + 127. Suppose 0*k + u = 3*k. What is the tens digit of k?
3
Let k = 5 + -1. Suppose 0 = -2*t - 3*s + k, 0 = 4*s. What is the units digit of t?
2
Let p(d) = -d + 8. Let q be p(7). Let j be 11 - q - (1 + -1). What is the units digit of 2/5 - (-26)/j?
3
Suppose 0*t - 3*t = 0. Let v be (-21)/1*-1 + 3. Suppose -3*z - 9 = -5*q + 2*q, 5*q + 4*z - v = t. What is the units digit of q?
4
Let u = -5 - -7. Suppose -u*v - 2*v - 13 = 3*c, 2*c + 10 = -3*v. What is the units digit of 4 - 0 - (1 - c)?
4
Suppose 0 = -0*o - o + 4. Let p = 9 + o. What is the units digit of p?
3
Let p be 1/4 - (-46)/8. Suppose 375 = -q + p*q. Suppose 2*v = -3*v + q. What is the units digit of v?
5
Let n be 4/(-3)*(1 + 2). Let o be 7/35 - (-78)/(-15). What is the tens digit of n/(-10) + (-58)/o?
1
Let f = 13 - -30. What is the units digit of f?
3
Let p = 1 + 0. What is the units digit of ((-9)/(-6) - p)*12?
6
What is the tens digit of (-1 + -9)*11/(-2)?
5
Suppose 0 = 2*x + 3*x + 5*j - 135, 1 = -j. What is the units digit of x?
8
Let o(j) = j**2 + j - 1. Let r be 2/(-11) + (-13)/(-11). What is the units digit of o(r)?
1
Let q = 36 - 15. What is the tens digit of q?
2
Let v(j) = 2*j**2 + 3*j - 5. What is the units digit of v(-5)?
0
Let y = 240 - 87. What is the tens digit of y?
5
Let b = -30 + 52. What is the tens digit of b?
2
Suppose 2*k - 22 = -4*x - x, 0 = 4*x + 5*k - 21. Let c(o) = o**2 - o - 3. What is the units digit of c(x)?
9
Suppose 2*k = -4*z - 22 + 2, 5*z = -5*k - 15. Let m(a) = -a**2 - a - 